. Calculate the remainder when 1503 is divided by c.
93
Calculate the remainder when 10 is divided by (-60)/105 - 78/(-14).
0
Suppose z = -5*o - 5, -4*o = 8*z - 3*z + 25. Suppose o = -2*v + 186. Suppose -5*h + v = -2*h. What is the remainder when h is divided by 11?
9
Let s(k) = -k**2 + 6*k + 4. Let q be s(6). Suppose 3*v = 5*c - 2 - 0, 4*v = q*c + 8. Suppose 2*o - v*o = -180. Calculate the remainder when o is divided by 8.
5
Let z = -373 + 786. Calculate the remainder when z is divided by 16.
13
Suppose 149 - 59 = 3*z. Suppose -2*b - 16 = -4*f, 2*b - f + 4*f = -51. Let m = 71 - b. Calculate the remainder when m is divided by z.
29
Suppose -29*q = -26*q - 231. Suppose 4 = -76*v + q*v. Calculate the remainder when v is divided by 2.
0
What is the remainder when (-21 - -13)*597/(-6) is divided by 17?
14
Let f(x) = -38*x + 60. What is the remainder when 949 is divided by f(-2)?
133
Suppose -4*g = -2*k - 8, 2*k = -k - 4*g - 62. What is the remainder when (-664)/k*119/34 is divided by 42?
40
Suppose -9*k + 94 = -77. What is the remainder when k is divided by 5*(1/1 + 0)?
4
Calculate the remainder when 88 is divided by -1 + (6 - (-6 - -6)).
3
Let r(w) = -w**3 - 11*w**2 - 21*w - 12. Let g be (936/(-66) - -5) + 4/22. Calculate the remainder when 43 is divided by r(g).
13
Let q(f) = 35*f + 1. Suppose -2*m + 2*n - 9 = -3, -4*m - 12 = n. What is the remainder when (-214)/m*42/28 is divided by q(1)?
35
Suppose x + 3*b = -0*b - 4, 3*b + 9 = 0. What is the remainder when 26/(-4*(-2)/4) is divided by (x + -7)/((-2)/8)?
5
Suppose -4*i + 3*m + 128 = 34, 0 = 3*m + 6. Suppose -8*h = -2*h - 12. What is the remainder when i is divided by 9*((-40)/(-12) - h)?
10
Suppose 41*q - 3922 + 150 = 0. Calculate the remainder when q is divided by 14.
8
Suppose 4*a - 167 = 357. Calculate the remainder when a is divided by 33.
32
Suppose s - o - 2834 = -6*o, -4*s + 11268 = 3*o. Calculate the remainder when s/30 - 8/10 is divided by 98/3 + (-2)/3.
29
Let l(b) = b**3 + 45*b**2 + 42*b + 94. What is the remainder when l(-44) is divided by 5?
2
Let g = 171 - 81. Let u = -31 + g. What is the remainder when u is divided by 21?
17
Suppose 101 + 42 = 13*p. What is the remainder when 40 is divided by p?
7
Let l be 1*(-1)/(-1) - 1. Suppose -4*x - 3*g - 3 = l, 2 = 2*g + 12. Suppose 0 = v - x - 21. Calculate the remainder when v is divided by 13.
11
Suppose 236 = 20*h - 16*h - 4*a, -2*a = -3*h + 182. What is the remainder when 312 is divided by h?
56
Calculate the remainder when 108 is divided by (11 - (-70)/(-8))*4.
0
Suppose -o - a = -626, -a = 4*o - 6*o + 1258. Calculate the remainder when o is divided by 17.
16
Suppose -94 = -4*w + 2. Let q(o) = o**2 + 12*o + 26. Calculate the remainder when w is divided by q(-11).
9
Let s(k) = -k**3 + 18*k**2 - 33*k - 56. What is the remainder when s(15) is divided by 9?
7
Suppose 5*a - 2*a = 123. What is the remainder when a is divided by (-10)/(140/21) - (-50)/4?
8
Suppose -u - 4*t = 12, 0 = 4*u - 3*t - 86 + 210. Let z = 42 - u. Let o = -30 + z. Calculate the remainder when o is divided by 14.
12
What is the remainder when ((-38)/(-10) - 0)/(4/40) is divided by 20?
18
Suppose 36 = -j + 93. Suppose 5*u = j + 13. Suppose -t = 4*t - 20. What is the remainder when u is divided by t?
2
Let l = 13 - -6. Let m = 27 - l. Let j(w) = -w**2 + 8*w + 5. What is the remainder when 7 is divided by j(m)?
2
Let k = 4 + -2. Suppose 0 = 4*p - 3*c - 5, -p = 3*p - 2*c - k. Calculate the remainder when (5 + p)*533/52 is divided by 11.
8
Suppose 5*u + 2*x - 216 = 0, u = 6*u - 2*x - 224. Let t = u - 10. Calculate the remainder when t is divided by 13.
8
Suppose -12*o = -21*o + 288. What is the remainder when o is divided by 16?
0
Let w = 284 + -163. Suppose -16*s = -5*s - w. What is the remainder when (-153)/(-5) - (-8)/20 is divided by s?
9
What is the remainder when 49 is divided by 12/10*(1 - 402/(-18))?
21
Let q(j) = 2*j**3 - 6*j**2 - 15. Let c(w) = 5*w**3 - 17*w**2 - 44. Let g(k) = 3*c(k) - 8*q(k). Let d = 17 - 6. What is the remainder when g(-5) is divided by d?
5
Suppose 5*a - 2 - 13 = 0, 196 = 5*t + 2*a. Calculate the remainder when t is divided by 11.
5
Suppose -5*p + 2*p + 12 = 0. Let m = 3 - p. Let n(b) = -b. What is the remainder when 2 is divided by n(m)?
0
Let n(x) = -110*x + 394. Calculate the remainder when n(3) is divided by 11.
9
Suppose -48*x + 45*x + z = -63, 5*x = 5*z + 115. Calculate the remainder when 26 is divided by x.
6
Let c = -1815 + 1905. What is the remainder when 248 is divided by c?
68
Let y(g) = 38*g**2 - 175*g - 7. What is the remainder when y(5) is divided by 5?
3
What is the remainder when 248 is divided by 68 + (0 - -2) + -6?
56
Suppose -8*i + 90 + 102 = 0. Calculate the remainder when 261 is divided by i.
21
Let l(o) be the second derivative of -o**5/20 + 13*o**4/12 - 4*o**3/3 + 5*o**2/2 + 20*o. Calculate the remainder when l(12) is divided by 11.
9
Let w(x) = -x**3 + 5*x**2 - 2*x + 3. Let y be w(5). Let a = y - -13. Calculate the remainder when a is divided by 5.
1
Let q = 226 + -183. Calculate the remainder when q is divided by 8.
3
Let p = -462 + 1004. Calculate the remainder when p is divided by 39.
35
Let t be 2/(-1)*(-15 - -14). Suppose -2*b + 6 = -2*n, -b - t*b = 2*n - 34. What is the remainder when 0*2/(-4) - -28 is divided by b?
4
Suppose -3*m - 3*w + 33 = 0, m + 4 = -0*m + 2*w. Suppose 2*r = -2*q + 14, r - 6*r = -q - 23. What is the remainder when m is divided by r?
1
Let n(z) = -z + 7. Let c(u) = 8*u - 9. Suppose 0 = 4*v + 3*r - 19, 5*r + 3 + 0 = 2*v. What is the remainder when c(v) is divided by n(-6)?
10
Let t = -58 - -74. Suppose j = 5*y + 2 + 21, -4*y = -5*j + 136. Calculate the remainder when j is divided by t.
12
Let v(n) = 18*n**2 - 47*n. Calculate the remainder when v(3) is divided by 0/3 + 1*11.
10
Suppose 504 = 3*r + 3*z, 4*r - 672 = -24*z + 29*z. Calculate the remainder when r is divided by 47.
27
Suppose -5*k + n = -15, -4*k = 2*n - 21 - 5. Let u(m) = 4*m - 2. Let c be u(2). Calculate the remainder when 52 is divided by (-486)/(-12)*k/c.
25
Let u(s) = 2*s**2 + 16*s + 8. What is the remainder when 163 is divided by u(-8)?
3
Suppose -10*w + 2 + 18 = 0. Let b = 7 - -2. What is the remainder when b is divided by w?
1
Suppose 18 = 5*x - 3*x - 2*d, 0 = x - 2*d - 10. Suppose x*s = 5*s - 288. Let v = -39 - s. What is the remainder when v is divided by 30?
27
Let v(q) = -q**3 + 11*q**2 - 22*q + 175. What is the remainder when 326 is divided by v(10)?
51
Suppose 0 = -2*p - 3*p. Let d(l) = l**2 - 2*l + 6. What is the remainder when 22 is divided by d(p)?
4
Suppose 113*i = 11674 + 15559. Calculate the remainder when i is divided by 49.
45
Let q(c) = -4*c + c**2 + 22*c + 23 + 0*c + 0*c. Let d = -5 - 13. What is the remainder when 90 is divided by q(d)?
21
Let n(r) = -r**2 - 5*r + 5. Let b be n(-5). Suppose b*h = 3 + 42. Calculate the remainder when 16 is divided by h.
7
Suppose 117*h - 111*h = 54. Calculate the remainder when 73 is divided by h.
1
Suppose -32 + 7 = -5*b + 5*w, b - 8 = 4*w. Suppose c = b + 5. What is the remainder when c is divided by (-2)/8 + 42/8?
4
Suppose 0 = 30*y - 33*y + 1419. What is the remainder when y is divided by 17?
14
What is the remainder when 17 is divided by (48 + -53)*(6/10 + -2)?
3
Let a(f) = f**3 - 12*f**2 - f - 12. What is the remainder when a(14) is divided by 52?
2
Suppose 9*m - 3*h - 30 = 8*m, -5*h = 20. Calculate the remainder when 142 is divided by m.
16
Suppose -42 = -i + 5*s, 0 = -i - 9*s + 4*s + 52. Let a(y) = 7*y**2 - 2*y + 1. Let o be a(1). Calculate the remainder when i is divided by o/(-4)*(-14 - -6).
11
Let h(w) = -116*w + 18. Let l be h(-2). Suppose -3*u = -5*b - 0*u + l, 187 = 4*b - 5*u. Calculate the remainder when b is divided by 11.
9
Suppose -3*m - 56 = -2*d, -3*d - 3*m + 74 = -5*m. Let x(q) = -q + 2. Let j(k) = -k - 23. Let v be j(-19). Calculate the remainder when d is divided by x(v).
4
Let w = 65 - 59. Suppose -w*a = 9*a - 735. Calculate the remainder when a is divided by 17.
15
Suppose v + 2*d = 43 + 21, 2*v = 5*d + 92. Let x = -28 + v. Let f(h) = 27*h**2 - 2*h - 2. Calculate the remainder when f(-2) is divided by x.
26
Let z be (-3)/(-3 - (-912)/308). Suppose 0 = 2*p - z + 1. What is the remainder when 113 is divided by p?
37
Calculate the remainder when (-292